s. What is r(x)?
-11
Let k(g) = g**2 + 4*g - 22. Suppose 62*i - 25*i - 111 = 0. Give k(i).
-1
Let q(k) = 16*k**2 + k - 7. Let v(i) = i**2 + 46*i + 387. Let d be v(-35). Calculate q(d).
59
Let h = 47 + -38. Let w = 5 - h. Let d(j) be the second derivative of -j**4/12 - 7*j**3/6 - 2*j**2 - 15*j. What is d(w)?
8
Let v(d) = 20 - 15 - 214*d + 226*d + 82. Calculate v(-7).
3
Let o(j) = 2*j**2 + 354*j + 710. Let a be o(-2). Let r(w) = -2*w**2 + 15*w + 68. Calculate r(a).
18
Suppose 0 = -4*q + 4*r - 4, -4*r + 9 - 5 = 4*q. Let w(p) = p**2 - p - 1. Let x be w(-2). Let z(b) = -6*b**3 + 1 + x*b**3 - 7 + b + b**2 + 0. Determine z(q).
-6
Let w(x) = x**3 + 8*x**2 + 23*x + 119. Let h be (-12)/3*7/4. Let k be w(h). Let s(d) = -2*d - 3. Give s(k).
-17
Suppose -12 = 4*u - 4*v, 4 = u + 2*v - 2. Suppose -20 = -b + 11. Let o(l) = b*l - 47*l + 17*l + 8 + 5. Give o(u).
13
Let f(q) = 7*q**2 + 16*q + 11. Let s(n) be the third derivative of -n**5/15 - 3*n**4/8 - n**3 + 10*n**2 - 2. Let j(a) = -3*f(a) - 5*s(a). Give j(-4).
-7
Let i(n) = -71*n - 148*n - n**2 + 49*n + n**2 - 1054 + n**2. Give i(-6).
2
Suppose 3*j - 5 = f - 29, 0 = 2*f + 4*j + 2. Let x(r) = 71*r**2 + f*r - 145*r**2 + 75*r**2 + 2. Suppose -15 = 3*o + 3. Determine x(o).
-16
Let q(n) = -3*n**2 - 1. Let h(o) be the first derivative of -15*o**2/2 - 73*o - 93. Let z be h(-5). What is q(z)?
-13
Let b = -33 + 30. Let l = 25 - b. Let c(t) = -3*t**2 + l*t - 2 - 13*t - 2*t**2 - t**3 - 18*t. Determine c(-4).
-6
Let h(u) = -u**2 + 8*u - 4. Let q be (-21768)/(-56) - 3/((-105)/10). Let v = q - 385. Calculate h(v).
12
Let d(b) be the second derivative of b**4/3 - 5*b**3/6 - 11*b**2/2 - 2867*b. Determine d(-2).
15
Let q(p) be the first derivative of -2*p**3/3 - p**2 + 7*p + 2224. Give q(3).
-17
Let j(i) be the first derivative of i**3/3 + 7*i**2/2 + 19*i - 470. What is j(-12)?
79
Suppose 8*g + 93 + 39 + 12 = 0. Let l(v) = v**3 + 14*v**2 - 71*v + 24. Give l(g).
6
Let f(t) = -6*t**2. Suppose 14*i = 9*i + 20. Let b be i + -7 - (-8 + 4). Determine f(b).
-6
Let y(c) be the third derivative of 0*c - 26 - 2*c**2 - 1/12*c**4 - 5/6*c**3. Let k(g) = -g**3 - 5*g**2 - g - 9. Let h be k(-5). Determine y(h).
3
Let o(d) = d**2 + d - 10. Let w = 72 + -72. Let f be 0/4*1/(-2) - w. Give o(f).
-10
Let a(i) = 4*i - 5. Let m(w) = -w - 8. Let g(s) = 3*a(s) + m(s). Calculate g(2).
-1
Let i be 45/30 + (-1956)/8. Let w = 245 + i. Let o(n) be the first derivative of -n**3/3 + n**2 - 2*n - 1. Determine o(w).
-2
Let a(x) = 5*x**2 - 6*x**2 + x**2 - x - 3*x**2. Suppose 0 = -21*d + 18*d + 5*q + 16, 2*d + 3*q + 2 = 0. Give a(d).
-14
Let p(r) = 4*r - 45. Let x = -20013 + 20025. Give p(x).
3
Let w(t) = 144*t**2 + 4*t - 1. Let n be w(-1). Let l(k) = -140 + 284 - n + 3*k. Suppose -8 = 2*v + 4*x, v - 7 = 3*v + 5*x. What is l(v)?
-13
Let v(y) be the third derivative of y**6/120 - 2*y**5/15 - y**3/3 - 8*y**2. Let s = 125 + -117. Calculate v(s).
-2
Suppose 6*g + 43 - 7 = 0. Let s(u) = -u - 20. Let x(t) = -2*t - 54. Let o(c) = 6*s(c) - 2*x(c). Give o(g).
0
Let w(f) = -f**3 - 40*f**2 - 38*f + 49. Let s be w(-39). Let a(k) be the first derivative of -k**3/3 + 11*k**2/2 - k + 20. Determine a(s).
9
Let i(s) = 1 + s - 2*s - 4 + 3*s. Let d(r) = -3*r**2 + 44*r - 145. Let c be d(9). Determine i(c).
13
Suppose -9*s = -4*s - 10, -4*i - 6 = -5*s. Let a(z) = -35*z + 20. Determine a(i).
-15
Suppose 7761 - 1181 = 4*z. Let f = z - 1651. Let i(l) be the second derivative of l**4/12 + 3*l**3/2 + 7*l**2/2 + l. Give i(f).
-11
Let i = -21643 - -21639. Let v(d) be the second derivative of -d**5/20 - d**4/6 + d**3/2 - 3*d**2/2 - d. Determine v(i).
17
Let s(i) be the first derivative of 29*i**4/2 - i**3/3 + i - 2835. Calculate s(-1).
-58
Let t(u) = 16*u - 2. Let w(c) = -2*c**2 - 112*c - 515. Let r be w(-5). What is t(r)?
-82
Suppose 0 = -4*d - 5 + 33. Let j = d + -7. Suppose 4*i + 78 - 74 = j. Let f(v) = -7*v. What is f(i)?
7
Let x(i) = -i**2 - 18*i - 25. Suppose -9*y + 5*y + 5*s = 89, y + 4*s = 4. Determine x(y).
7
Let j be (-3 - 3)*(1 + -2). Let p(d) = d + 2. Let r(m) = -m - 2. Let y(i) = -3*p(i) - r(i). Calculate y(j).
-16
Let r(t) = 3 - 3*t**3 + 37*t - t**2 - 25*t - 19*t + 2*t**2 + 3. Calculate r(1).
-3
Let q(h) be the third derivative of 0 - 1/8*h**4 + 2*h + 0*h**3 - 10*h**2. Calculate q(-2).
6
Suppose 3*c - 2 = 4. Let l(n) = n**2 + 125 - 123 + n - c*n. Let h be (27 + -27)*(-2 + 15/6). Calculate l(h).
2
Let t(z) = z**2 - 2*z - 3. Suppose 18*c = 4*c + 28. Let k be (1 + -1 + -2 + c)/3. Determine t(k).
-3
Let y(d) be the second derivative of -d**5/40 - d**4/6 - d**3/3 - 4*d**2 - 18*d. Let n(p) be the second derivative of y(p). Let t = -1 - 2. Determine n(t).
5
Let u(i) = -i + 57. Let m(p) = 2*p - 107. Let t(c) = -6*m(c) - 11*u(c). Determine t(14).
1
Let s(t) = 2*t**3 - 4*t**2 + 3*t - 1. Let l(b) be the first derivative of 5*b**2/2 - 12*b + 137. Let r be l(3). What is s(r)?
26
Let q(n) = -597 - 22*n + 2382 - 600 - 596 - 595. Calculate q(-4).
82
Let s be 1*1*-1 + -5. Let u(a) = -6*a - 8 + 0*a + 20 + 8*a**2 - 9*a**2 - 9 - 10. Calculate u(s).
-7
Let a(g) = -20*g**2 - 37*g - 30. Let y be a(-14). Let c be y/(-338) - (-4)/(-26). Let j(n) = -n**3 + 9*n**2 + 8*n + 13. Calculate j(c).
-7
Let m(g) = 524*g**2 - 17 - 22*g - 2*g**3 + 2*g**3 - g**3 - 533*g**2. What is m(-6)?
7
Let v(j) be the second derivative of -5*j**2 - j - 1/12*j**4 + 4/3*j**3 + 36. Determine v(7).
-3
Let h(m) = 10*m - 48. Let q be h(5). Let z be (-1)/2 + (25/q - -4). Suppose 10 = 5*a + 4*k, z = -4*a + 2*k - 2. Let p(o) = -3*o**2 - 3*o. Give p(a).
-6
Let a(u) be the first derivative of u**3/3 - 7*u**2 + 18*u - 31. Suppose 5*f - 4*f = -4*v + 45, 3*f - 15 = -2*v. Give a(v).
-6
Let i(x) = x - 1. Let b(v) = 3*v - 7*v - 3*v - 5 + 3*v. Let f(y) = -b(y) + 4*i(y). Determine f(1).
9
Let f(h) = 3*h - 5. Let r(j) be the second derivative of j**3/2 + 28*j**2 + 99*j. Let n be r(-17). Determine f(n).
10
Let r(b) = 4*b + 1. Let i be (6/(-8))/3 + 18 + (-67)/4. Calculate r(i).
5
Let j(p) be the third derivative of -p**6/360 + 3*p**5/40 - 49*p**4/12 - p**3/3 - 3*p**2 - 1. Let z(n) be the second derivative of j(n). Determine z(-4).
17
Let v be (0 + -2)*((-6 - -4) + 5). Let t be (8/v)/((-14)/42). Let m(w) be the first derivative of -w**3/3 + 3*w**2/2 - 6*w - 2. What is m(t)?
-10
Let w(t) = -5*t**3 - 2*t**2 - 51*t + 11. Let v(z) = 4*z**3 + 2*z**2 + 42*z - 10. Let m(s) = -6*v(s) - 5*w(s). Calculate m(-2).
-17
Let k(b) = b + 18. Let t(l) = l**2 - 9*l - 42. Let a(u) = -3*k(u) - t(u). What is a(4)?
-4
Let q(w) = w**2 + w + 2. Let j = -90 + 98. Let v be -8*(52/j - 6). What is q(v)?
14
Let f(c) = -2*c**2 + 20*c + 17. Let b(q) = -8*q**2 + 76*q + 69. Let g(l) = -2*b(l) + 9*f(l). Calculate g(15).
-15
Suppose -3*h + c + 75 = 0, 4*h + 15*c = 18*c + 95. Suppose 4*m - 2*m - 42 = 0. Let w(l) = -m*l**2 - 9 + h*l**2 + l**3 + 0*l - 10*l. Give w(-6).
15
Suppose 0 = -92*t + 100*t + 144. Let g(q) = q**3 + 20*q**2 + 37*q + 28. Give g(t).
10
Let l(t) = t**3 + 9*t + 6. Let d(n) = -n**3 - n**2 - 10*n - 7. Let a(v) = -4*d(v) - 5*l(v). Let m be a(3). Let y(h) = -h**3 - 7*h**2 + 9*h + 14. Determine y(m).
6
Let a = 58 - 52. Let n(d) = -105 - 3*d**2 - 2*d**3 + 107 - 3*d**3 - 8*d + a*d**3 + 2*d. Give n(4).
-6
Suppose -4*w + 4 = k, -13 - 3 = 5*k + 2*w. Let y(b) be the third derivative of -b**5/60 - b**4/8 + 5*b**3/6 + 2*b**2 - 3. Give y(k).
1
Let a(i) = -20*i**3 - 15*i**2 - 32*i + 27. Let d(s) = -47*s**3 - 30*s**2 - 68*s + 53. Let b(k) = -7*a(k) + 3*d(k). Calculate b(16).
34
Let z(l) be the first derivative of l**4/4 + l**3 - 5*l**2/2 + 5*l + 249. Let n = 293 + -298. Calculate z(n).
-20
Let l(f) = 9*f**2 - f + 1. Let y(h) = -4*h**2 + 2*h - 1. Let t(i) = -3*l(i) - 7*y(i). Suppose 0 = 17*z - 6*z - 88. What is t(z)?
-20
Suppose 580*n - 595*n = -195. Let t(m) = -4*m + 46. Calculate t(n).
-6
Let o(m) = -m**3 + 10*m**2 + 2*m - 13. Let a(v) = v**2 + 4. Let y be a(2). Suppose -g = g - y. Let r be -20*((-14)/g - -3). Determine o(r).
7
Let q = -728 - -744. Let j(h) = -h**3 + 16*h**2 - 14*h + 227. Let t be j(q). Let u(l) = l**2 + 2*l - 3. What is u(t)?
12
Let g(k) = 19*k**3 - 29*k**2 - 14. Let r(h) = 4*h**3 - h**2 - 1. Let d(x) = g(x) - 5*r(x). Give d(-24).
-9
Let a(p) be the third derivative of -p**6/60 + p**5/12 + p**4/8 + 8*p**2 + 39*p + 6. Determine a(4).
-36
Let t(n) be the second 